ed by v?
29
Let r(y) = -4*y - 18. Let n be r(-5). Let t(j) = 14*j**2 - 2*j + 1. Calculate the remainder when t(n) is divided by 5.
3
Suppose -w = -4*y + 2*w + 82, -w = -4*y + 86. What is the remainder when y is divided by ((-234)/99)/13*-44?
6
Calculate the remainder when 60 is divided by (-10)/1*((-348)/24 + 11).
25
Let n(c) = -c**3 + c**2 - c + 47. What is the remainder when n(0) is divided by 12?
11
Let k(d) = 5*d + 4. Let b be k(-8). Let g(s) = s**2 - 8*s - 22. Let t be g(8). Let w = t - b. Calculate the remainder when 55 is divided by w.
13
Let r(k) = 3*k + 0*k - 5*k + 20. Suppose 0 = -2*a + 2*m + 26, 2*a + 2 = -3*m + 8. What is the remainder when r(a) is divided by 2?
0
Suppose 0 = -p - 5*p - 6. What is the remainder when -1*(p + 3) + 67 is divided by 22?
21
Let h = 1025 - 1002. What is the remainder when 59 is divided by h?
13
What is the remainder when ((-180)/48)/(-2 + (-622)/(-312)) is divided by 10?
5
Let q = 6 - 4. Suppose a - 4 = -4*o, -2*a + q*o = 3*o - 22. Suppose 9*t = a*t - 75. What is the remainder when 48 is divided by t?
23
Let s = -96 - -117. Calculate the remainder when 49 is divided by s.
7
Suppose 2*q - 14 + 2 = 0. Suppose 0 = -q*m + m + 135. What is the remainder when 78 is divided by m?
24
Suppose -4*b - 2*i = 4, 2*i - 2 = 2*b + 4*i. Calculate the remainder when ((-164)/4)/((b/1)/1) is divided by 27.
14
Let x = 2 - -24. Let l = -85 - -137. Let g = l - -24. What is the remainder when g is divided by x?
24
Let z = 21 + -2. Suppose -z = -3*c + l, c + 2*l + 2 = -1. What is the remainder when 18 is divided by c?
3
Suppose r = 10*r - 738. Let i = r - 56. What is the remainder when 50 is divided by i?
24
Suppose -7*j + 5*j + 555 = -3*d, j - 5*d = 295. Calculate the remainder when j is divided by 46.
40
Suppose 5*s = -5*a + 695, -371 = -4*s - 3*a + 190. Calculate the remainder when s is divided by 37.
33
Suppose -2*u + 2*k - 79 = 3*u, 0 = 5*k + 15. Let g = 136 + u. Calculate the remainder when g is divided by 12.
11
Let j be (-1 + (-273)/9)*3. Let o = -52 - j. What is the remainder when o is divided by 23?
19
Suppose -10 = -5*w - 5*b, 0 = 4*b - 1 - 3. Suppose -2*p + 5 - w = 0. Suppose h = -p + 15. Calculate the remainder when h is divided by 8.
5
Suppose -4*u = -11*u + 7. What is the remainder when 2/(-2) + (71 - u) is divided by 15?
9
Suppose 0 = -157*a + 159*a - 20. Calculate the remainder when 33 is divided by a.
3
Let g = -51 - -110. Suppose -5*z = -38 - 22. What is the remainder when g is divided by z?
11
Let z = -45 - -45. Suppose z = -5*g + 31 + 54. Calculate the remainder when 31 is divided by g.
14
Let k = 56 - 12. Suppose 2*l + 52 = 5*m, -5*m + 0*l + 4*l = -k. What is the remainder when 57 is divided by m?
9
Suppose 9*b + 31*b = 360. What is the remainder when -2*1/(-2) + 24 is divided by b?
7
Let z(j) = j**2 - 3*j + 45. Calculate the remainder when z(0) is divided by 32.
13
Suppose 8 = 13*d - 9*d. Let a be 5 - (1 - (-3 + d)). Suppose 4*j - 94 = -3*p + 16, a*j + p = 80. Calculate the remainder when 76 is divided by j.
24
Let c(l) = 2*l + 10. Let q be c(-3). Suppose -u - 15 = -q*u. Suppose u*h + 17 = 122. Calculate the remainder when 39 is divided by h.
18
Calculate the remainder when 125 is divided by 2/(-13) - 5016/(-156).
29
Suppose 1369 = 18*n - 3491. Calculate the remainder when n is divided by 39.
36
Let d(i) = -i**3 + 4*i**2 + 7*i - 6. What is the remainder when 44 is divided by d(5)?
0
Suppose g = 5*z + 43, 3*z + 2*z - 23 = -g. What is the remainder when 73 is divided by g?
7
Let v be 6/(-9)*(18*-1)/1. Calculate the remainder when 44 is divided by (-5)/((5/v)/(-1)).
8
Suppose -5*w + 3*b + 362 = 0, -4*w - 2*b + 287 = -7*b. Suppose -2*x = h - 15, -5*x - 49 - 26 = -2*h. Calculate the remainder when w is divided by h.
23
Suppose -5*s + k + 348 = 0, -5*s - 2*s + 2*k + 486 = 0. What is the remainder when s is divided by 6?
4
Suppose 85 = 3*m - 113. Suppose 2*w = 2*n - 18, 0 = 14*w - 13*w + 5. Suppose -2*j - m = -n*j. What is the remainder when j is divided by 9?
6
Let i = -27242 + 27257. Let c = -51 - -105. Suppose -5*n + 161 = -c. Calculate the remainder when n is divided by i.
13
Let m(n) = -10*n - 359. What is the remainder when m(-46) is divided by 34?
33
Let g be (2 - -76) + (-1 - 2). Suppose w = -4*f + 60, -5*f + 6*w + g = 2*w. Calculate the remainder when 73 is divided by f.
13
Suppose 2*m + 4*t = 7*m - 573, -4*m + 4*t + 456 = 0. Suppose 12*f - 51 - m = 0. Calculate the remainder when 96 is divided by f.
12
Suppose 1846 = 21*x - 1262. Calculate the remainder when x is divided by (4 - -20) + 2/2.
23
Suppose -q - 3*b = -8, -5*q + 5*b = -0*b. Let g = -95 - -97. Let x(i) = 5*i**2 - 9*i. Calculate the remainder when x(g) is divided by q.
0
Let m = -20 - -124. Suppose m = 5*h + 24. Calculate the remainder when 61 is divided by h.
13
Suppose -35 = -0*d - d. Let k = -3 + d. What is the remainder when (-126)/(-90) + 916/10 is divided by k?
29
Suppose 0 = -2*n + 8 - 0. Let k = n + 1. Suppose -2*p + 99 = 3*u - 0*p, -5*u + k*p + 140 = 0. Calculate the remainder when u is divided by 11.
9
Suppose -98*g + 15905 + 4675 = 0. What is the remainder when g is divided by 54?
48
Calculate the remainder when 69 is divided by 31*((-5)/10)/((-1)/2).
7
Let m = -78 - -168. Calculate the remainder when m is divided by 34.
22
Let p(r) = -7*r**2 - 6*r - 12. Let a(j) = -8*j**2 - 5*j - 12. Let v(m) = 2*a(m) - 3*p(m). What is the remainder when v(-5) is divided by 20?
17
Let c be -4*((-3)/4)/1. Let v = 9 + c. Calculate the remainder when (2250/(-525))/((12/(-28) + 0)/2) is divided by v.
8
Let h(b) = -b**3 + 5*b + 2. Let j be h(5). Let q = j - -180. Calculate the remainder when q is divided by 21.
19
Suppose 104 = 38*k - 162. What is the remainder when 186 is divided by k?
4
Suppose 0*l - 5*l + 195 = 0. What is the remainder when l is divided by (46 + -6)/((-2)/(-1))?
19
Let i = -1 + -1. Let l be -2 + 2 - (-1 - i). Let m = 25 + l. Calculate the remainder when m is divided by 13.
11
Let t(j) = -j + 28. Suppose -329 = -3*m + p, 2*m - 4*m = -5*p - 241. What is the remainder when m is divided by t(0)?
24
Let p = 489 + -474. What is the remainder when 88 is divided by p?
13
Suppose -47*l - 2783 + 19139 = 0. What is the remainder when l is divided by 7?
5
Calculate the remainder when 44 is divided by (40/6)/2*102/68.
4
Let i be (-8)/4 - -5 - -1. Suppose 0 = 3*p - 2*y - 132, -5*p + i*y + 220 = y. Calculate the remainder when p is divided by 15.
14
Suppose 2*a = -4, 2*a - 53 = w + 46. Let u = 133 + w. Calculate the remainder when 117 is divided by u.
27
Let v = 8 + -3. Suppose m - 18 = -0*m + 3*w, -44 = -4*m + v*w. Calculate the remainder when 15 is divided by m.
3
Suppose 95*m = 94*m + 21. Calculate the remainder when m is divided by 16.
5
Let p = 425 - 243. Suppose -3*y + 0*y + p = -4*f, 3*y - 3*f = 183. What is the remainder when y is divided by 16?
14
Suppose 0 = -4*c - 8, 5*c = -3*l + 8 - 3. Suppose -l*a + 37 = 2*w + 3, -5*a = -4*w + 8. Calculate the remainder when w is divided by 3.
1
Let b(t) = t**3 - 6*t**2 - 5*t - 2. What is the remainder when 167 is divided by b(7)?
11
Let i be 1*(-30)/4*-2. Let h = i - 10. Calculate the remainder when (-3)/(108/38 + -3) is divided by h.
4
What is the remainder when 20 is divided by 22/4 + 213/142?
6
Suppose 5*f - 2 = 23. Suppose 2*y - 15 = -y - 3*w, 2*w = -y + f. Let t = 11 + -2. What is the remainder when t is divided by y?
4
Suppose -4*b = 3*p - 4*p, 4*p = -4*b + 20. Suppose 4*t - 12 = p. Calculate the remainder when 19 is divided by 0 - (t/(-1) + -3).
5
Suppose k = -2*z + 27, -10*z + 18 = -9*z - 4*k. Calculate the remainder when 404 is divided by z.
12
Let k(j) = 4*j**2 + 4*j + 5. Calculate the remainder when 87 is divided by k(-1).
2
Suppose 0 = -13*x + 1750 + 655. Calculate the remainder when x is divided by 93.
92
Suppose 0 = 21*g - 654 - 2055. What is the remainder when 1544 is divided by g?
125
Let b(t) = 30*t - 899. What is the remainder when b(33) is divided by 47?
44
Suppose -34 = -2*g - 4*a + 5*a, -a - 50 = -3*g. Let s(t) = -t**3 + 15*t**2 + 19*t - 9. Calculate the remainder when s(g) is divided by 10.
9
Calculate the remainder when 54 is divided by 17 + (4/(-14) - 64/(-28)).
16
Let n(a) = -a**2 + 2. Let y be n(2). Let m be (-2)/(3*y/9). Suppose -m*x - 3*s = -3, -2*x + 4*s = 6 - 20. What